hat is the value of 46 + -45 + (10 - 0) - 8 - -13?
16
What is the value of (55 + -13 - 18) + -13?
11
Evaluate 18 + -15 - (-3 - -14).
-8
Calculate -8 - (11 - (-1 + 2) - (-726 + 725)).
-19
What is the value of -5 - ((-7 - -9) + -2)?
-5
What is the value of 12 + -6 + 27 - 27?
6
Calculate 6 + -7 + -6 + (12 - -11).
16
What is -1 + 9 - (27 + 42 - 47)?
-14
Calculate 141 + -142 - (-3 - -2 - 6).
6
What is 5 + (5 - (4 + 1) - (-12 + 2))?
15
Calculate (-11 - -30) + -10 - 21 - -31.
19
16 - ((-5 - 1) + 16 - 3)
9
What is 28 + -71 + 9 + 2?
-32
Calculate (12 - (6 - -13)) + 26.
19
2 + 3 - (-11 + (-7 - -11) - 2)
14
What is the value of 2 + -39 - (-266 + 235)?
-6
What is the value of -6 + (11 - (-18 - -16))?
7
What is 3 + (5 - 0) + -7 + (-6 - -4)?
-1
Calculate -31 - (11 + (-3 - 23)).
-16
What is the value of 0 + 7 + 3 + 2 + 2 + -9?
5
Evaluate -14 + (2 - 13) + 19.
-6
-14 + -39 + 43 + 24
14
What is -13 + -4 + 1 + (8 + -3 - 5)?
-16
What is (7 - (4 + -5 + 8)) + -6 + -6?
-12
Evaluate (2 - 21) + (-347 - -369).
3
(-7 - (-9 + 18)) + 24
8
Evaluate -7 + -8 + 1 - (-7 - -2).
-9
What is (3 + -25 - -34) + 13?
25
7 + 4 - (-12 + -1 + 10)
14
What is the value of 4 + -4 + (-8 - -1)?
-7
Evaluate -25 + 2 + -6 + (2 - -8).
-19
-2 - 4 - (-18 + -6 - (12 - 15))
15
Evaluate (-7 - (2 + -6)) + -5 + 9.
1
What is the value of (0 - -13) + (-6 + 32 - 23)?
16
What is 16 + (-4 - -1) + -15 + 7 + 14?
19
What is the value of -4 + -10 - -4 - -4?
-6
Evaluate (27 - -2 - 10) + 2 + -9 + 2.
14
Evaluate 17 + -3 + -34 + 24.
4
What is the value of -6 + (-16 + 11 - -10)?
-1
Evaluate -18 + 18 + -5 - (-3 - -1).
-3
What is 17 - (22 + -8 + 27) - (-7 + -2)?
-15
What is 22 - (21 + 5 + -26)?
22
(-11 - (-18 - -5)) + -30
-28
What is 0 + -1 - (9 - 6)?
-4
2 + -1 - -17 - 6
12
(11 + -4 - 2) + -11
-6
Calculate (-19 - -1) + (78 - 35) + -41.
-16
(-2 - -4) + -7 - -8
3
Calculate (11 - 8 - 4) + 8 + -8.
-1
Calculate (-1 - -4 - (-60 - -80)) + (8 - 0).
-9
Evaluate -14 + 1 + -7 + 10 - -2 - -18.
10
What is -261 + 273 + (4 - (-2 + -1 + 0))?
19
What is the value of -2 - 18 - -7 - -5?
-8
10 + 4 + -5 + -3 + -12
-6
What is the value of 7 + -8 + -2 + (31 - 10)?
18
Evaluate -5 - (-11 - (-2 - 5)) - 6.
-7
What is the value of 16 + -6 + 5 + -28 + 27?
14
Evaluate 31 + -22 - (3 + -1 + 0).
7
Calculate 5 + -5 + (-16 - -8 - -18).
10
Evaluate -3 - -1 - (9 + -7).
-4
(3 + 24 - 13) + -18
-4
(-17 - -7) + 0 + 2 + -6
-14
Calculate 1 + -2 + -7 + (1 - 5).
-12
(-58 - -9) + 41 - (7 + -1)
-14
Evaluate -18 - -31 - 20 - (1 + 14).
-22
6 - (-16 + 13 + 10 + -10)
9
(-1 - 0) + 18 + -460 + 445
2
What is the value of (1 - (1 - 5)) + (0 - 7)?
-2
Calculate 12 - 6 - (-21 + 30).
-3
Evaluate -3 + 14 + (12 - 13) + -3.
7
Evaluate (-3 - (7 + -18)) + -4.
4
What is 7 - (3 - -3) - (4 + -2 + -1)?
0
Evaluate 13 + -36 + 28 - -6.
11
Evaluate (1 + -9 + 4 - 5) + 5.
-4
What is the value of (7 + -6 + (2 - 3) - -4) + -10?
-6
What is the value of 6 + -5 + (23 - 27) - 3?
-6
Evaluate -11 + -11 + (18 - -3 - 13).
-14
(23 - 0) + (2177 - 2195)
5
1 - 5 - (-20 + -26 + 65)
-23
Evaluate -4 - (0 + 4 + (-21 - -25)).
-12
-1 + -12 + 20 + 30 + -39
-2
1 - -13 - (816 + -777)
-25
Evaluate 0 + (-1 - 9) + 9.
-1
Calculate 1 - 0 - ((-31 - 4) + 23).
13
Calculate 4 - (8 + 2 + (-2 - 0 - -6)).
-10
Calculate (-2 - 4) + 12 + 3 + 0 + -9.
0
(67 - 67) + 6 + -21
-15
2 + 21 + 20 + -11 + -16
16
Calculate -7 - (-9 + 9) - -6.
-1
1 + (-34 - -2) - (-176 + 161)
-16
What is the value of (269 - 288) + 15 + -2?
-6
Calculate -42 + 65 + -11 - 8.
4
10 + (-4 + -8 - -20) + -11
7
What is 9 + -1 + -12 + 4 + -5?
-5
What is the value of -4 - ((8 - 14) + 3) - (2 + 5)?
-8
What is 7 + (4 - 6) - (-288 - -308)?
-15
What is (-5 - -2) + -3 - (-4 - 2)?
0
Evaluate (0 + -8 - (-5 - (-1 - -1))) + 42.
39
What is (-10 - -5) + (-1 + -4 - (-1 + 0))?
-9
What is the value of -3 - -6 - 8 - (9 + -7 - -8)?
-15
What is the value of (1 - 1 - 2) + 5 - (-3 + -14)?
20
What is the value of 0 + 13 + (18 - (-17 - -26))?
22
Calculate (57 + -37 - 2) + -39.
-21
(-17 - (-11 - (-4 + 4))) + 4 + -2
-4
What is the value of (3 - 9 - 1) + (-7 - (-8 + 8))?
-14
-3 + 8 - (20 + 8 + -5 + -10)
-8
Evaluate 13 + (-9 - (7 + -15 + 0)).
12
Calculate 3 - ((2 - -5) + -14 - -23).
-13
Evaluate (50 - 63) + -1 + -6 - -7.
-13
Evaluate 14 - (-18 + 33 - 5).
4
What is the value of 8 - (-1 + 6) - -2 - (2 + 4)?
-1
What is (-18 - 2) + -2 + (9 - -1)?
-12
Calculate 2 + -6 - (-4 - (-5 + 11 + 2)).
8
1 + 3 + 1 + (-12 - (16 - 23))
0
Calculate -2 + 1 - (2 + 2 + 5).
-10
What is 19 + -10 + 18 - 5 - 12?
10
Evaluate 9 - ((-1 - 6) + 5 + 10).
1
Calculate 19 - (39 + -43 + 53).
-30
What is 35 - (-11 + 10 + -12) - 16?
32
What is the value of 11 + (-19 - (-8 + 16 - 40))?
24
What is 0 + 13 + -5 + -5 - (-48 + 53)?
-2
Calculate 98 + -70 + -17 + 1.
12
-15 + (16 - (-11 + 3) - 11)
-2
What is the value of (-11 + 19 - 13) + (3 - 4) + -9?
-15
Evaluate 1 + -2 - (1282 + -1282).
-1
What is the value of -4 - (-46 + 34) - (-14 - (-1 + -1))?
20
Evaluate -1 - -20 - (-82 - (81 + -163)).
19
What is the value of -2 + -7 - (-21 - -17) - -9?
4
Calculate (1 - (1 - 8)) + -10 + 1 + 3.
2
Evaluate 34 + 22 + (18 - 46).
28
Calculate 8 - (8 - -5) - ((9 - 6) + 8).
-16
What is -17 + 9 + 10 - (7 + -2)?
-3
-7 - ((3 - -1) + 10 + -18)
-3
Evaluate 2 + -29 + (20 - (-27 + 40)).
-20
Calculate (-10 - 0 - (4 - (-12 + 26))) + 26.
26
Calculate 6 - (4 + 0 + 10).
-8
-34 - -1 - (-12 - 0 - (272 + -284))
-33
What is 14 + (3 - (3 + (3 - 2)))?
13
What is the value of 7 + 0 + (-14 - (31 + -70))?
32
-5 + 11 - (-4 + 2) - 8
0
What is the value of 57 + -35 + -17 - -2?
7
Calculate -1 + -3 + -3 + 2 + 6.
1
Evaluate 41 + -41 - (5 + 4) - (-39 + -1).
31
Calculate 13 + 0 + -4 + -26 - -7 - 0.
-10
-3 - (-41 + 41 + 1 + -1 + -4)
1
What is the value of 32 - (34 + -3) - (-6 + 0)?
7
Evaluate -605 + 588 - (-43 + -3 + 1).
28
Evaluate 7 - (2 + -4 + 5 + -1).
5
Evaluate 174 + -179 + (-2 - -2) + -3.
-8
Evaluate 10 - (30 + -13 - 13).
6
Calculate 19 - (-1 - (3 + -19 - -6)).
10
Evaluate 2 - (9 + (9 - 20)).
4
Calculate (-1 - -10) + -12 + -15.
-18
0 + 3 + (4 - -14) + -13
8
Calculate -6 + 2 - (-32 - ((-8 - 12) + 3)).
11
What is (-8 - -35) + 8 + -4?
31
Calculate 5 - (9 + 3 + -9).
2
Calculate 9 + -21 + 21 + 17.
26
Evaluate (-26 - -9) + 38 + -23.
-2
Calculate (6 - 6) + -6 + -19 + 31 + 7.
13
-17 - (22 - 1 - 25)
-13
What is the value of -4 + 9 + (-15 - -7) + 7 + 12?
16
-8 - -21 - (-5 - 6)
24
-4 + (-2 + 4 - (4 - (1 + 2)))
-3
What is -9 + (1 - 6) + (-46 - -45)?
-15
What is the value of (4 - 6) + -2 + -3 + 9 + 6?
8
Evaluate 8 + (-3 - (-12 + (-6 + 3 - -6))).
14
Calculate (-13 - -10 - (-6 - -2)) + 8.
9
Evaluate 13 - (16 + -21) - 18.
0
Evaluate 0 + (-5 - -2 - -12).
9
3 - -9 - 14 - (-1 - 2) - 11
-10
Evaluate 8 - ((-5 - (-7 + -3 + -6)) + -4).
1
What is the value of -19 + (-29 - -50) + 0?
2
What is 0 + (-3 - -1 - -2) + -15 + 9?
-6
(-9 - (6 + (-5 - 8))) + 10 + -5
3
What is 7 - (10 + -20 - -11) - (-3 + -10)?
19
Evaluate -9 - (13 + -10) - (-25 + -1).
14
What is 21 + -29 + -17 - (-1 + (3 - 1))?
-26
Calculate 2 + (3 - 8) + 3 - 6 - -5.
-1
Evaluate 3 + (-3 + -13 + 9 - -26).
22
What is the value of (3 - 1) + -5 - (-5 + 1 + 16)?
-15
What is the value of 62 - ((-36 - -49) + 19)?
30
7 + -5 + 2 + 6 - 7
3
What is 0 - (3 + 2 + 7)?
-12
Calculate -9 + 3 + 3 + 10.
7
What is the value of (0 - 12 - (-113 + 98)) + 0?
3
-22 - (-6 + (10 - 17))
-9
Calculate -7 - 0 - (12 + 3 + -13).
-9
Calculate -8 + 1 + 10 + (-49 + 17 - -10).
-19
What is -5 + 7 + (1 - (-5 - -3))?
5
Calculate -22 + (15 - 10) + 38.
21
What is the value of -8 + -38 + 35 + 7 + 4?
0
Evaluate -5 + 3 - (-29 - -36).
-9
What is 7 - (-7 + -2 + 5) - 8?
3
What is the value of -1 + (16 - 30) - (-7 - -2)?
-10
Calculate (8 + 14 + -38 - -11) + 26.
21
What is the value of (13 - (-13 - -3)) + (3 - 11)?
15
What is the value of -1 + (-2 - 0) - (-3760 + 3793)?
-36
Calculate (3 - ((9 - 4) + -6)) + -10.
-6
-9 + 41 + -24 + -28
-20
Evaluate (-6 - (2 - 37)) + 0 + -13.
16
What is the value of -12 + (6 - 5 - -7) - 1?
-5
Evaluate -16 + (-30 - (-20 + -3)).
-23
-28 - (-51 + 19) - (0 + -4 + 2)
6
Evaluate -8 - (5 - 4) - (-19 + 6 + 4).
0
Evaluate (-41 - -38) + (-48 - -37).
-14
What is the value of (-3 + 4 - (1 - -3)) + (-10 - -4)?
-9
Evaluate -18 + 0 + -6 + 5.
-19
Calculate 12 + (12 - -8) + -17.
15
What is -6 + 3 - -4 - (61 + -56)?
-4
What is -31 + 20 - (1 + 1 + -2)?
-11
What is the value of -3